Calculate the remainder when 1113 is divided by q.
59
Let g(o) = o**2 + 7*o - 14. Let d = 444 + -297. Let v = 209 - d. Calculate the remainder when v is divided by g(-10).
14
Calculate the remainder when 27825/147 - 15/(-21) is divided by 176.
14
Suppose 5*b + 29 = -5*z - 36, -4*z = -4. Let r = b - -26. Suppose 0 = -c + 2*c + 4, j + 4*c = 31. Calculate the remainder when j is divided by r.
11
Let k = 398 - 389. Calculate the remainder when 168 is divided by k.
6
Let f be (159/106)/((-14)/(-12) - 1). Suppose -f*c + 11 = -169. Suppose 3*u = -72 + 186. Calculate the remainder when u is divided by c.
18
Let n(b) = b**3 - 7*b**2 + 8*b - 7. Let j = 59 - 53. Calculate the remainder when 28 is divided by n(j).
3
Suppose -5*c + 15 = -35. Let d be 4/c - (-91)/35. Let h = d - -1. What is the remainder when 14 is divided by h?
2
Suppose -37*y + 38*y = 303. Suppose l - 67 = -o, 5*o - 3*l - 24 - y = 0. Calculate the remainder when o is divided by 23.
20
Let u = -801 + 809. What is the remainder when 4*(-4)/(48/(-135)) is divided by u?
5
Let g = -258 - -747. What is the remainder when g is divided by 31?
24
Suppose 75 = -10*n - 15. Let p(g) be the third derivative of g**5/60 + 5*g**4/24 - 11*g**3/6 + 2*g**2. What is the remainder when 98 is divided by p(n)?
23
What is the remainder when 178 is divided by ((-10)/6)/((-16)/576)?
58
Suppose 175 = 3*z + 4*v, 4*z - 2*v = -6*v + 240. Suppose -5*c + 0*c + z = 0. Suppose 8 = 3*p - c. What is the remainder when 13 is divided by p?
6
Let c(s) = -3*s - 16. Let p be c(-11). Suppose 5*j - 3 = p. Suppose 0 = -j*a, -3*o + 92 = -o - 4*a. Calculate the remainder when o is divided by 16.
14
Suppose 0 = -6*l + 4 + 242. Calculate the remainder when 326 is divided by l.
39
Let b(u) = u**3 + 8*u**2 + 9*u + 11. What is the remainder when b(-5) is divided by 15?
11
Let s(o) = -o**3 + 2*o + 16. Let l be (-10)/(-2)*8/5. Let p be 0/((-7)/((-28)/l)). What is the remainder when 46 is divided by s(p)?
14
Let v = 63 + -102. Let y = -21 - v. What is the remainder when y is divided by (-2)/13 + (-1188)/(-117)?
8
Let a(l) = 5*l + 4. Let k be a(-6). Suppose d + 5*r - 167 = -3*d, 4*d + 4*r = 164. Let z = d + k. What is the remainder when 58 is divided by z?
10
Let f(s) = s**2 - 3*s + 3. Let n be f(6). Suppose -y - 9 = -2*y + 3*x, -3*x = 4*y - n. Suppose y*k = 9*k - 231. Calculate the remainder when k is divided by 20.
17
Let p = 281 - 173. Suppose 3*c - 7*c - p = 0. Let q = 50 + c. What is the remainder when 66 is divided by q?
20
Calculate the remainder when 143 is divided by (-1)/9 + (-261)/(-405)*25.
15
Suppose 3*h - 2*y + 96 = y, -h - 26 = 5*y. Let i be h - (3 + -1)*-2. What is the remainder when 15 is divided by (i/12)/(4/(-16))?
6
Suppose 0 = h - 5*t - 35, -9 = -5*h - 3*t + 54. Let j(m) = 45*m - 273. What is the remainder when j(7) is divided by h?
12
Suppose 0 = -2*i + 2*j + 30, 0 = -3*i - 2*j + 45. What is the remainder when 187 is divided by i?
7
Let d = 2 - 3. Let s = d - -14. Suppose 5*r + 3*i - 1 = 12, -3*r + 3*i = -27. What is the remainder when s is divided by r?
3
Let h = -145 + 208. Let i(w) = w**3 - 16*w**2 + w - 21. Let a be i(17). Suppose a = 9*g - 3. Calculate the remainder when h is divided by g.
31
Let j = -33 + 38. Suppose -j*s = 3*a - 350, 239 = 3*s - a + 15. Calculate the remainder when s is divided by 19 + (-1 - -1)/(-1).
16
Let p = 166 + -274. What is the remainder when 45 is divided by (-840)/p + 2/9?
5
Calculate the remainder when 410 is divided by 36/(-14)*(-14)/2.
14
Suppose -35*d + 1476 = -23*d. Calculate the remainder when d is divided by 26.
19
Suppose -2*o + 0*a - 3*a + 10 = 0, -o = 5*a + 9. Let r = 709 - 666. What is the remainder when r is divided by o?
10
Let c = 16 + 36. Let n be (-18)/5*30/(-9). Suppose -4*x = n - c. Calculate the remainder when 28 is divided by x.
8
Let v be 1384/10 - 2/5. Calculate the remainder when 20/(-6)*v/(-5) is divided by 19.
16
Suppose 5*o - 46 = 384. Calculate the remainder when o is divided by 10.
6
Let n = -173 + 171. Suppose -6*b + b + 25 = 0. What is the remainder when 0 + 3 + 6 - n is divided by b?
1
Let l = 23 - 22. Calculate the remainder when 31 is divided by (-12 + l)*8/(-8).
9
Suppose 18*m - 1357 = -5*m. What is the remainder when 112 is divided by m?
53
Let z(r) = -8*r**2 - 5*r + 9. Let m(v) = -7*v**2 - 4*v + 8. Let t(o) = 6*m(o) - 5*z(o). Let y be t(-3). What is the remainder when (-1*2)/(4/y) is divided by 5?
4
Let z = -7 - -10. Suppose z*q = 40 - 121. Let a = q + 48. What is the remainder when a is divided by 8?
5
Suppose 300 = -8*f + 3*f. Calculate the remainder when 82 is divided by (f/90)/((-2)/51).
14
Suppose 5*o + 5*h = 17 + 53, -5*h - 50 = -3*o. Let s(y) = -y**2 - 2*y - 9. Let l be s(0). Let c = l + o. What is the remainder when c is divided by 2?
0
Suppose 3*x + 3*b = 1206, -3*b = -5*x - 430 + 2464. What is the remainder when x is divided by 82?
77
Let w = 33 - 23. Suppose -w = -i + 2. Suppose 0 = o - i - 27. Calculate the remainder when o is divided by 14.
11
Let z(q) = -q + 10. Let i be z(6). Let w(h) be the first derivative of h**2/2 + 7*h - 172. What is the remainder when 19 is divided by w(i)?
8
Suppose -4*l + 216 = 5*c, -3*l = -5*c - 59 - 68. Calculate the remainder when 166 is divided by l.
19
Suppose j - 2*d = -1, -5*j + d - 5 = 4*d. What is the remainder when 15 is divided by -10*(2 - 1)*j?
5
Let o = -111 + 126. Calculate the remainder when 79 is divided by o.
4
Let z(r) = 9*r + 13. Let j(k) = -8*k - 12. Let d(s) = -4*j(s) - 3*z(s). Let g = 1 + 6. Calculate the remainder when d(g) is divided by 15.
14
Let w = -120 + 129. What is the remainder when 29 is divided by w?
2
Let r = 1290 + -1126. Calculate the remainder when r is divided by 61.
42
Suppose f + r - 9 - 29 = 0, f + 5*r = 58. Suppose -4*h = -113 + f. What is the remainder when h is divided by 11?
9
Suppose -30 = -5*k - 5*p, 4*p + 9 = 25. Suppose -4*h + 24 = 2*i, k*h - 3*h - 93 = -5*i. Calculate the remainder when 71 is divided by i.
17
Calculate the remainder when ((-84)/10)/(31/(-155)) is divided by 16.
10
Suppose 16*m - 123 - 21 = 160. Calculate the remainder when 2/7 - (-1578)/14 is divided by m.
18
Let o(k) = 27 - 17 + k - 17 - 5. Calculate the remainder when 109 is divided by o(22).
9
Suppose -5*t = 34 - 29. Calculate the remainder when 26 is divided by 15/5*(t + 4).
8
Let s be (-14)/(-35) + ((-388)/(-5))/1. Let i = s + -64. Calculate the remainder when 54 is divided by i.
12
Let j = -1427 - -1507. What is the remainder when 144 is divided by j?
64
Suppose 0 = -16*t + 3522 + 3294. What is the remainder when t is divided by 107?
105
Suppose -3*w = q + 139, 4*q - 5*w + 232 = -324. Let m = q + 258. What is the remainder when m is divided by 30?
29
Let z be ((-1)/(-3))/(7/(-63)). Let t be (16/12)/((-1)/z). Suppose -208 = -4*x + t*h, x = 3*x + 4*h - 110. Calculate the remainder when x is divided by 11.
9
Let h(f) = -f**2 - 8*f + 3. Let b(a) be the first derivative of a**3/3 + 5*a**2/2 + 4. Let o be b(-4). What is the remainder when h(o) is divided by 7?
5
What is the remainder when 5*(604/20 - 3) is divided by 24?
16
Let q(x) = -9*x - 90. What is the remainder when 47 is divided by q(-12)?
11
Suppose -5*w + 2 + 23 = 0. What is the remainder when 3/w + (-1848)/(-20) is divided by 16?
13
Suppose -339 = -0*s + s + 3*n, 2*s + 2*n = -694. Suppose q + 4 - 7 = 0. What is the remainder when 2/(-23) + s/(-69) is divided by q?
2
Let q = 66 + -51. Suppose -q*r = -11*r - 28. Let k = -14 + 46. What is the remainder when k is divided by r?
4
Let b(w) = -11*w**3 + w**2 - 2*w + 1. Let a(y) = 34*y**3 - 3*y**2 + 6*y - 3. Let p(n) = 4*a(n) + 11*b(n). Calculate the remainder when 42 is divided by p(1).
12
Suppose -3*c - 3*h + 57 = 0, -122*c + 125*c = -4*h + 55. What is the remainder when 103 is divided by c?
19
Let m(t) = 48*t**2 - t. Suppose q - 3*u + 16 = 2, -2*q = -2*u + 20. Let z = 21 + q. Calculate the remainder when m(-1) is divided by z.
10
Let m = 1137 - 935. What is the remainder when m is divided by 51?
49
Suppose 5*j = -b - 13, 2*b - 4*j = 6*b - 28. Suppose 3*n = -5*k - 24 + 4, 0 = 5*n + 3*k + 28. Let t = 41 - n. Calculate the remainder when t is divided by b.
10
Let i(g) = g**3 + 8*g**2 - 9*g - 5. Suppose 0 = 5*x - 8 - 2. Suppose -18 = -t - x*h, 3*h = -t - 4*t + 76. What is the remainder when 